{"id":316,"date":"2026-03-21T19:11:00","date_gmt":"2026-03-21T19:11:00","guid":{"rendered":"https:\/\/justkart.pl\/?product=produkt-63"},"modified":"2026-03-23T18:05:58","modified_gmt":"2026-03-23T18:05:58","slug":"produkt-63","status":"publish","type":"product","link":"https:\/\/justkart.pl\/?product=produkt-63","title":{"rendered":"Kartka na \u015blub w pude\u0142ku r\u0119cznie robiona."},"content":{"rendered":"<p>Pi\u0119kna kartka ze z\u0142otymi elementami, tekturk\u0105 z Par\u0105 M\u0142od\u0105 i r\u0119cznie robionymi kwiatami.<br \/>\nBardzo starannie wykonane, z najlepszej jako\u015bci materia\u0142\u00f3w i z dba\u0142o\u015bci\u0105 o ka\u017cdy detal.<\/p>\n<p>Kartka zapakowana w bardzo efektowne pude\u0142ko z okienkiem (szybk\u0105), przewi\u0105zane bia\u0142o-z\u0142ot\u0105 szyfonow\u0105 wst\u0105\u017ck\u0105.<\/p>\n<p>W \u015brodku miejsce na pieni\u0105dze, \u017cyczenia.<\/p>\n<p>Wymiary kartki oko\u0142o 15 cm x 15 cm.<\/p>\n<p>Mo\u017cliwy odbi\u00f3r osobisty lub przesy\u0142ka do paczkomatu<br \/>\nZapraszam na moje pozosta\u0142e og\u0142oszenia i na: www.facebook.com\/justkart.made.with.love<\/p>\n","protected":false},"excerpt":{"rendered":"<p>eleganckie kartki, r\u0119cznie wykonane technik\u0105 scrapbookingu.<\/p>\n","protected":false},"featured_media":513,"comment_status":"open","ping_status":"closed","template":"","meta":[],"product_brand":[],"product_cat":[16],"product_tag":[],"class_list":{"0":"post-316","1":"product","2":"type-product","3":"status-publish","4":"has-post-thumbnail","6":"product_cat-bez-kategorii","8":"first","9":"instock","10":"shipping-taxable","11":"purchasable","12":"product-type-simple"},"jetpack_sharing_enabled":true,"_links":{"self":[{"href":"https:\/\/justkart.pl\/index.php?rest_route=\/wp\/v2\/product\/316","targetHints":{"allow":["GET"]}}],"collection":[{"href":"https:\/\/justkart.pl\/index.php?rest_route=\/wp\/v2\/product"}],"about":[{"href":"https:\/\/justkart.pl\/index.php?rest_route=\/wp\/v2\/types\/product"}],"replies":[{"embeddable":true,"href":"https:\/\/justkart.pl\/index.php?rest_route=%2Fwp%2Fv2%2Fcomments&post=316"}],"wp:featuredmedia":[{"embeddable":true,"href":"https:\/\/justkart.pl\/index.php?rest_route=\/wp\/v2\/media\/513"}],"wp:attachment":[{"href":"https:\/\/justkart.pl\/index.php?rest_route=%2Fwp%2Fv2%2Fmedia&parent=316"}],"wp:term":[{"taxonomy":"product_brand","embeddable":true,"href":"https:\/\/justkart.pl\/index.php?rest_route=%2Fwp%2Fv2%2Fproduct_brand&post=316"},{"taxonomy":"product_cat","embeddable":true,"href":"https:\/\/justkart.pl\/index.php?rest_route=%2Fwp%2Fv2%2Fproduct_cat&post=316"},{"taxonomy":"product_tag","embeddable":true,"href":"https:\/\/justkart.pl\/index.php?rest_route=%2Fwp%2Fv2%2Fproduct_tag&post=316"}],"curies":[{"name":"wp","href":"https:\/\/api.w.org\/{rel}","templated":true}]}}