{"id":331,"date":"2026-03-21T19:11:00","date_gmt":"2026-03-21T19:11:00","guid":{"rendered":"https:\/\/justkart.pl\/?product=produkt-78"},"modified":"2026-03-23T18:06:54","modified_gmt":"2026-03-23T18:06:54","slug":"produkt-78","status":"publish","type":"product","link":"https:\/\/justkart.pl\/?product=produkt-78","title":{"rendered":"Personalizowana, r\u0119cznie robiona kartka na I Komuni\u0119 w pude\u0142ku."},"content":{"rendered":"<p>Bardzo starannie wykonane, z najlepszej jako\u015bci materia\u0142\u00f3w i z dba\u0142o\u015bci\u0105 o ka\u017cdy detal.<br \/>\nW \u015brodku miejsce na pieni\u0105dze, \u017cyczenia.<br \/>\nKartka zapakowana w bardzo efektowne pude\u0142ko z okienkiem (szybk\u0105), przewi\u0105zane bia\u0142o-z\u0142ot\u0105 szyfonow\u0105 wst\u0105\u017ck\u0105.<\/p>\n<p>Wymiary kartki oko\u0142o 15 cm x 15 cm.<\/p>\n<p>Mo\u017cliwy odbi\u00f3r osobisty lub przesy\u0142ka do paczkomatu<br \/>\nZapraszam na moje pozosta\u0142e og\u0142oszenia i na: www.facebook.com\/justkart.made.with.love<\/p>\n","protected":false},"excerpt":{"rendered":"<p>R\u0119cznie robione kartki metod\u0105 scrapbookingu personalizowane, okoliczno\u015bciowe.<\/p>\n","protected":false},"featured_media":528,"comment_status":"open","ping_status":"closed","template":"","meta":[],"product_brand":[],"product_cat":[16],"product_tag":[],"class_list":{"0":"post-331","1":"product","2":"type-product","3":"status-publish","4":"has-post-thumbnail","6":"product_cat-bez-kategorii","8":"first","9":"instock","10":"shipping-taxable","11":"purchasable","12":"product-type-simple"},"jetpack_sharing_enabled":true,"_links":{"self":[{"href":"https:\/\/justkart.pl\/index.php?rest_route=\/wp\/v2\/product\/331","targetHints":{"allow":["GET"]}}],"collection":[{"href":"https:\/\/justkart.pl\/index.php?rest_route=\/wp\/v2\/product"}],"about":[{"href":"https:\/\/justkart.pl\/index.php?rest_route=\/wp\/v2\/types\/product"}],"replies":[{"embeddable":true,"href":"https:\/\/justkart.pl\/index.php?rest_route=%2Fwp%2Fv2%2Fcomments&post=331"}],"wp:featuredmedia":[{"embeddable":true,"href":"https:\/\/justkart.pl\/index.php?rest_route=\/wp\/v2\/media\/528"}],"wp:attachment":[{"href":"https:\/\/justkart.pl\/index.php?rest_route=%2Fwp%2Fv2%2Fmedia&parent=331"}],"wp:term":[{"taxonomy":"product_brand","embeddable":true,"href":"https:\/\/justkart.pl\/index.php?rest_route=%2Fwp%2Fv2%2Fproduct_brand&post=331"},{"taxonomy":"product_cat","embeddable":true,"href":"https:\/\/justkart.pl\/index.php?rest_route=%2Fwp%2Fv2%2Fproduct_cat&post=331"},{"taxonomy":"product_tag","embeddable":true,"href":"https:\/\/justkart.pl\/index.php?rest_route=%2Fwp%2Fv2%2Fproduct_tag&post=331"}],"curies":[{"name":"wp","href":"https:\/\/api.w.org\/{rel}","templated":true}]}}